{"id":12,"date":"2015-09-08T16:33:18","date_gmt":"2015-09-08T16:33:18","guid":{"rendered":"http:\/\/cerebro\/zapcontabil\/www\/site\/?page_id=12"},"modified":"2015-09-08T18:40:14","modified_gmt":"2015-09-08T18:40:14","slug":"servicos","status":"publish","type":"page","link":"https:\/\/www.zapcontabil.com.br\/site\/servicos\/","title":{"rendered":"Servi\u00e7os"},"content":{"rendered":"","protected":false},"excerpt":{"rendered":"","protected":false},"author":1,"featured_media":0,"parent":0,"menu_order":0,"comment_status":"closed","ping_status":"closed","template":"servicos.php","meta":{"_acf_changed":false,"footnotes":""},"class_list":["post-12","page","type-page","status-publish","hentry"],"acf":[],"yoast_head":"<!-- This site is optimized with the Yoast SEO plugin v23.5 - https:\/\/yoast.com\/wordpress\/plugins\/seo\/ -->\n<title>Servi\u00e7os - Zap Cont\u00e1bil<\/title>\n<meta name=\"robots\" content=\"index, follow, max-snippet:-1, max-image-preview:large, max-video-preview:-1\" \/>\n<link rel=\"canonical\" href=\"https:\/\/www.zapcontabil.com.br\/site\/servicos\/\" \/>\n<meta property=\"og:locale\" content=\"pt_BR\" \/>\n<meta property=\"og:type\" content=\"article\" \/>\n<meta property=\"og:title\" content=\"Servi\u00e7os - Zap Cont\u00e1bil\" \/>\n<meta property=\"og:url\" content=\"https:\/\/www.zapcontabil.com.br\/site\/servicos\/\" \/>\n<meta property=\"og:site_name\" content=\"Zap Cont\u00e1bil\" \/>\n<meta property=\"article:modified_time\" content=\"2015-09-08T18:40:14+00:00\" \/>\n<meta name=\"twitter:card\" content=\"summary_large_image\" \/>\n<script type=\"application\/ld+json\" class=\"yoast-schema-graph\">{\"@context\":\"https:\/\/schema.org\",\"@graph\":[{\"@type\":\"WebPage\",\"@id\":\"https:\/\/www.zapcontabil.com.br\/site\/servicos\/\",\"url\":\"https:\/\/www.zapcontabil.com.br\/site\/servicos\/\",\"name\":\"Servi\u00e7os - Zap Cont\u00e1bil\",\"isPartOf\":{\"@id\":\"https:\/\/www.zapcontabil.com.br\/site\/#website\"},\"datePublished\":\"2015-09-08T16:33:18+00:00\",\"dateModified\":\"2015-09-08T18:40:14+00:00\",\"breadcrumb\":{\"@id\":\"https:\/\/www.zapcontabil.com.br\/site\/servicos\/#breadcrumb\"},\"inLanguage\":\"pt-BR\",\"potentialAction\":[{\"@type\":\"ReadAction\",\"target\":[\"https:\/\/www.zapcontabil.com.br\/site\/servicos\/\"]}]},{\"@type\":\"BreadcrumbList\",\"@id\":\"https:\/\/www.zapcontabil.com.br\/site\/servicos\/#breadcrumb\",\"itemListElement\":[{\"@type\":\"ListItem\",\"position\":1,\"name\":\"In\u00edcio\",\"item\":\"https:\/\/www.zapcontabil.com.br\/site\/\"},{\"@type\":\"ListItem\",\"position\":2,\"name\":\"Servi\u00e7os\"}]},{\"@type\":\"WebSite\",\"@id\":\"https:\/\/www.zapcontabil.com.br\/site\/#website\",\"url\":\"https:\/\/www.zapcontabil.com.br\/site\/\",\"name\":\"Zap Cont\u00e1bil\",\"description\":\"Sua Melhor Op\u00e7\u00e3o em Contabilidade\",\"publisher\":{\"@id\":\"https:\/\/www.zapcontabil.com.br\/site\/#organization\"},\"potentialAction\":[{\"@type\":\"SearchAction\",\"target\":{\"@type\":\"EntryPoint\",\"urlTemplate\":\"https:\/\/www.zapcontabil.com.br\/site\/?s={search_term_string}\"},\"query-input\":{\"@type\":\"PropertyValueSpecification\",\"valueRequired\":true,\"valueName\":\"search_term_string\"}}],\"inLanguage\":\"pt-BR\"},{\"@type\":\"Organization\",\"@id\":\"https:\/\/www.zapcontabil.com.br\/site\/#organization\",\"name\":\"ZAP Cont\u00e1bil\",\"url\":\"https:\/\/www.zapcontabil.com.br\/site\/\",\"logo\":{\"@type\":\"ImageObject\",\"inLanguage\":\"pt-BR\",\"@id\":\"https:\/\/www.zapcontabil.com.br\/site\/#\/schema\/logo\/image\/\",\"url\":\"https:\/\/www.zapcontabil.com.br\/site\/wp-content\/uploads\/2015\/11\/novo-logotipo.png\",\"contentUrl\":\"https:\/\/www.zapcontabil.com.br\/site\/wp-content\/uploads\/2015\/11\/novo-logotipo.png\",\"width\":220,\"height\":145,\"caption\":\"ZAP Cont\u00e1bil\"},\"image\":{\"@id\":\"https:\/\/www.zapcontabil.com.br\/site\/#\/schema\/logo\/image\/\"}}]}<\/script>\n<!-- \/ Yoast SEO plugin. -->","yoast_head_json":{"title":"Servi\u00e7os - Zap Cont\u00e1bil","robots":{"index":"index","follow":"follow","max-snippet":"max-snippet:-1","max-image-preview":"max-image-preview:large","max-video-preview":"max-video-preview:-1"},"canonical":"https:\/\/www.zapcontabil.com.br\/site\/servicos\/","og_locale":"pt_BR","og_type":"article","og_title":"Servi\u00e7os - Zap Cont\u00e1bil","og_url":"https:\/\/www.zapcontabil.com.br\/site\/servicos\/","og_site_name":"Zap Cont\u00e1bil","article_modified_time":"2015-09-08T18:40:14+00:00","twitter_card":"summary_large_image","schema":{"@context":"https:\/\/schema.org","@graph":[{"@type":"WebPage","@id":"https:\/\/www.zapcontabil.com.br\/site\/servicos\/","url":"https:\/\/www.zapcontabil.com.br\/site\/servicos\/","name":"Servi\u00e7os - Zap Cont\u00e1bil","isPartOf":{"@id":"https:\/\/www.zapcontabil.com.br\/site\/#website"},"datePublished":"2015-09-08T16:33:18+00:00","dateModified":"2015-09-08T18:40:14+00:00","breadcrumb":{"@id":"https:\/\/www.zapcontabil.com.br\/site\/servicos\/#breadcrumb"},"inLanguage":"pt-BR","potentialAction":[{"@type":"ReadAction","target":["https:\/\/www.zapcontabil.com.br\/site\/servicos\/"]}]},{"@type":"BreadcrumbList","@id":"https:\/\/www.zapcontabil.com.br\/site\/servicos\/#breadcrumb","itemListElement":[{"@type":"ListItem","position":1,"name":"In\u00edcio","item":"https:\/\/www.zapcontabil.com.br\/site\/"},{"@type":"ListItem","position":2,"name":"Servi\u00e7os"}]},{"@type":"WebSite","@id":"https:\/\/www.zapcontabil.com.br\/site\/#website","url":"https:\/\/www.zapcontabil.com.br\/site\/","name":"Zap Cont\u00e1bil","description":"Sua Melhor Op\u00e7\u00e3o em Contabilidade","publisher":{"@id":"https:\/\/www.zapcontabil.com.br\/site\/#organization"},"potentialAction":[{"@type":"SearchAction","target":{"@type":"EntryPoint","urlTemplate":"https:\/\/www.zapcontabil.com.br\/site\/?s={search_term_string}"},"query-input":{"@type":"PropertyValueSpecification","valueRequired":true,"valueName":"search_term_string"}}],"inLanguage":"pt-BR"},{"@type":"Organization","@id":"https:\/\/www.zapcontabil.com.br\/site\/#organization","name":"ZAP Cont\u00e1bil","url":"https:\/\/www.zapcontabil.com.br\/site\/","logo":{"@type":"ImageObject","inLanguage":"pt-BR","@id":"https:\/\/www.zapcontabil.com.br\/site\/#\/schema\/logo\/image\/","url":"https:\/\/www.zapcontabil.com.br\/site\/wp-content\/uploads\/2015\/11\/novo-logotipo.png","contentUrl":"https:\/\/www.zapcontabil.com.br\/site\/wp-content\/uploads\/2015\/11\/novo-logotipo.png","width":220,"height":145,"caption":"ZAP Cont\u00e1bil"},"image":{"@id":"https:\/\/www.zapcontabil.com.br\/site\/#\/schema\/logo\/image\/"}}]}},"_links":{"self":[{"href":"https:\/\/www.zapcontabil.com.br\/site\/wp-json\/wp\/v2\/pages\/12"}],"collection":[{"href":"https:\/\/www.zapcontabil.com.br\/site\/wp-json\/wp\/v2\/pages"}],"about":[{"href":"https:\/\/www.zapcontabil.com.br\/site\/wp-json\/wp\/v2\/types\/page"}],"author":[{"embeddable":true,"href":"https:\/\/www.zapcontabil.com.br\/site\/wp-json\/wp\/v2\/users\/1"}],"replies":[{"embeddable":true,"href":"https:\/\/www.zapcontabil.com.br\/site\/wp-json\/wp\/v2\/comments?post=12"}],"version-history":[{"count":1,"href":"https:\/\/www.zapcontabil.com.br\/site\/wp-json\/wp\/v2\/pages\/12\/revisions"}],"predecessor-version":[{"id":13,"href":"https:\/\/www.zapcontabil.com.br\/site\/wp-json\/wp\/v2\/pages\/12\/revisions\/13"}],"wp:attachment":[{"href":"https:\/\/www.zapcontabil.com.br\/site\/wp-json\/wp\/v2\/media?parent=12"}],"curies":[{"name":"wp","href":"https:\/\/api.w.org\/{rel}","templated":true}]}}