{"id":8,"date":"2015-09-08T16:13:43","date_gmt":"2015-09-08T16:13:43","guid":{"rendered":"http:\/\/cerebro\/zapcontabil\/www\/site\/?page_id=8"},"modified":"2019-06-17T10:18:30","modified_gmt":"2019-06-17T13:18:30","slug":"conheca-a-zap","status":"publish","type":"page","link":"https:\/\/www.zapcontabil.com.br\/site\/conheca-a-zap\/","title":{"rendered":"Conhe\u00e7a a ZAP"},"content":{"rendered":"<p><a href=\"\/\/www.zapcontabil.com.br\/site\/wp-content\/uploads\/2015\/09\/ilustrativa-01.jpg\"><img loading=\"lazy\" decoding=\"async\" class=\"alignright wp-image-55 size-full\" src=\"\/\/www.zapcontabil.com.br\/site\/wp-content\/uploads\/2015\/09\/ilustrativa-01.jpg\" alt=\"ilustrativa-01\" width=\"472\" height=\"354\" \/><\/a><\/p>\n<p>&#8211; Somos um escrit\u00f3rio diferente, falamos a sua l\u00edngua ! sem \u2018contabil\u00eas\u2019.<\/p>\n<p>** Com mais de 15 anos de hist\u00f3ria, A ZAP nasceu e cresceu, sempre pensando e agindo de forma r\u00e1pida !<\/p>\n","protected":false},"excerpt":{"rendered":"<p>&#8211; Somos um escrit\u00f3rio diferente, falamos a sua l\u00edngua ! sem \u2018contabil\u00eas\u2019. ** Com mais de 15 anos de hist\u00f3ria, A ZAP nasceu e cresceu, sempre pensando e agindo de forma r\u00e1pida !<\/p>\n","protected":false},"author":1,"featured_media":0,"parent":0,"menu_order":0,"comment_status":"closed","ping_status":"closed","template":"conheca-a-zap.php","meta":{"_acf_changed":false,"footnotes":""},"class_list":["post-8","page","type-page","status-publish","hentry"],"acf":[],"yoast_head":"<!-- This site is optimized with the Yoast SEO plugin v23.5 - https:\/\/yoast.com\/wordpress\/plugins\/seo\/ -->\n<title>Conhe\u00e7a a ZAP - Zap Cont\u00e1bil<\/title>\n<meta name=\"robots\" content=\"index, follow, max-snippet:-1, max-image-preview:large, max-video-preview:-1\" \/>\n<link rel=\"canonical\" href=\"https:\/\/www.zapcontabil.com.br\/site\/conheca-a-zap\/\" \/>\n<meta property=\"og:locale\" content=\"pt_BR\" \/>\n<meta property=\"og:type\" content=\"article\" \/>\n<meta property=\"og:title\" content=\"Conhe\u00e7a a ZAP - Zap Cont\u00e1bil\" \/>\n<meta property=\"og:description\" content=\"&#8211; Somos um escrit\u00f3rio diferente, falamos a sua l\u00edngua ! sem \u2018contabil\u00eas\u2019. ** Com mais de 15 anos de hist\u00f3ria, A ZAP nasceu e cresceu, sempre pensando e agindo de forma r\u00e1pida !\" \/>\n<meta property=\"og:url\" content=\"https:\/\/www.zapcontabil.com.br\/site\/conheca-a-zap\/\" \/>\n<meta property=\"og:site_name\" content=\"Zap Cont\u00e1bil\" \/>\n<meta property=\"article:modified_time\" content=\"2019-06-17T13:18:30+00:00\" \/>\n<meta name=\"twitter:card\" content=\"summary_large_image\" \/>\n<script type=\"application\/ld+json\" class=\"yoast-schema-graph\">{\"@context\":\"https:\/\/schema.org\",\"@graph\":[{\"@type\":\"WebPage\",\"@id\":\"https:\/\/www.zapcontabil.com.br\/site\/conheca-a-zap\/\",\"url\":\"https:\/\/www.zapcontabil.com.br\/site\/conheca-a-zap\/\",\"name\":\"Conhe\u00e7a a ZAP - Zap Cont\u00e1bil\",\"isPartOf\":{\"@id\":\"https:\/\/www.zapcontabil.com.br\/site\/#website\"},\"datePublished\":\"2015-09-08T16:13:43+00:00\",\"dateModified\":\"2019-06-17T13:18:30+00:00\",\"breadcrumb\":{\"@id\":\"https:\/\/www.zapcontabil.com.br\/site\/conheca-a-zap\/#breadcrumb\"},\"inLanguage\":\"pt-BR\",\"potentialAction\":[{\"@type\":\"ReadAction\",\"target\":[\"https:\/\/www.zapcontabil.com.br\/site\/conheca-a-zap\/\"]}]},{\"@type\":\"BreadcrumbList\",\"@id\":\"https:\/\/www.zapcontabil.com.br\/site\/conheca-a-zap\/#breadcrumb\",\"itemListElement\":[{\"@type\":\"ListItem\",\"position\":1,\"name\":\"In\u00edcio\",\"item\":\"https:\/\/www.zapcontabil.com.br\/site\/\"},{\"@type\":\"ListItem\",\"position\":2,\"name\":\"Conhe\u00e7a a ZAP\"}]},{\"@type\":\"WebSite\",\"@id\":\"https:\/\/www.zapcontabil.com.br\/site\/#website\",\"url\":\"https:\/\/www.zapcontabil.com.br\/site\/\",\"name\":\"Zap Cont\u00e1bil\",\"description\":\"Sua Melhor Op\u00e7\u00e3o em Contabilidade\",\"publisher\":{\"@id\":\"https:\/\/www.zapcontabil.com.br\/site\/#organization\"},\"potentialAction\":[{\"@type\":\"SearchAction\",\"target\":{\"@type\":\"EntryPoint\",\"urlTemplate\":\"https:\/\/www.zapcontabil.com.br\/site\/?s={search_term_string}\"},\"query-input\":{\"@type\":\"PropertyValueSpecification\",\"valueRequired\":true,\"valueName\":\"search_term_string\"}}],\"inLanguage\":\"pt-BR\"},{\"@type\":\"Organization\",\"@id\":\"https:\/\/www.zapcontabil.com.br\/site\/#organization\",\"name\":\"ZAP Cont\u00e1bil\",\"url\":\"https:\/\/www.zapcontabil.com.br\/site\/\",\"logo\":{\"@type\":\"ImageObject\",\"inLanguage\":\"pt-BR\",\"@id\":\"https:\/\/www.zapcontabil.com.br\/site\/#\/schema\/logo\/image\/\",\"url\":\"https:\/\/www.zapcontabil.com.br\/site\/wp-content\/uploads\/2015\/11\/novo-logotipo.png\",\"contentUrl\":\"https:\/\/www.zapcontabil.com.br\/site\/wp-content\/uploads\/2015\/11\/novo-logotipo.png\",\"width\":220,\"height\":145,\"caption\":\"ZAP Cont\u00e1bil\"},\"image\":{\"@id\":\"https:\/\/www.zapcontabil.com.br\/site\/#\/schema\/logo\/image\/\"}}]}<\/script>\n<!-- \/ Yoast SEO plugin. -->","yoast_head_json":{"title":"Conhe\u00e7a a ZAP - Zap Cont\u00e1bil","robots":{"index":"index","follow":"follow","max-snippet":"max-snippet:-1","max-image-preview":"max-image-preview:large","max-video-preview":"max-video-preview:-1"},"canonical":"https:\/\/www.zapcontabil.com.br\/site\/conheca-a-zap\/","og_locale":"pt_BR","og_type":"article","og_title":"Conhe\u00e7a a ZAP - Zap Cont\u00e1bil","og_description":"&#8211; Somos um escrit\u00f3rio diferente, falamos a sua l\u00edngua ! sem \u2018contabil\u00eas\u2019. ** Com mais de 15 anos de hist\u00f3ria, A ZAP nasceu e cresceu, sempre pensando e agindo de forma r\u00e1pida !","og_url":"https:\/\/www.zapcontabil.com.br\/site\/conheca-a-zap\/","og_site_name":"Zap Cont\u00e1bil","article_modified_time":"2019-06-17T13:18:30+00:00","twitter_card":"summary_large_image","schema":{"@context":"https:\/\/schema.org","@graph":[{"@type":"WebPage","@id":"https:\/\/www.zapcontabil.com.br\/site\/conheca-a-zap\/","url":"https:\/\/www.zapcontabil.com.br\/site\/conheca-a-zap\/","name":"Conhe\u00e7a a ZAP - Zap Cont\u00e1bil","isPartOf":{"@id":"https:\/\/www.zapcontabil.com.br\/site\/#website"},"datePublished":"2015-09-08T16:13:43+00:00","dateModified":"2019-06-17T13:18:30+00:00","breadcrumb":{"@id":"https:\/\/www.zapcontabil.com.br\/site\/conheca-a-zap\/#breadcrumb"},"inLanguage":"pt-BR","potentialAction":[{"@type":"ReadAction","target":["https:\/\/www.zapcontabil.com.br\/site\/conheca-a-zap\/"]}]},{"@type":"BreadcrumbList","@id":"https:\/\/www.zapcontabil.com.br\/site\/conheca-a-zap\/#breadcrumb","itemListElement":[{"@type":"ListItem","position":1,"name":"In\u00edcio","item":"https:\/\/www.zapcontabil.com.br\/site\/"},{"@type":"ListItem","position":2,"name":"Conhe\u00e7a a ZAP"}]},{"@type":"WebSite","@id":"https:\/\/www.zapcontabil.com.br\/site\/#website","url":"https:\/\/www.zapcontabil.com.br\/site\/","name":"Zap Cont\u00e1bil","description":"Sua Melhor Op\u00e7\u00e3o em Contabilidade","publisher":{"@id":"https:\/\/www.zapcontabil.com.br\/site\/#organization"},"potentialAction":[{"@type":"SearchAction","target":{"@type":"EntryPoint","urlTemplate":"https:\/\/www.zapcontabil.com.br\/site\/?s={search_term_string}"},"query-input":{"@type":"PropertyValueSpecification","valueRequired":true,"valueName":"search_term_string"}}],"inLanguage":"pt-BR"},{"@type":"Organization","@id":"https:\/\/www.zapcontabil.com.br\/site\/#organization","name":"ZAP Cont\u00e1bil","url":"https:\/\/www.zapcontabil.com.br\/site\/","logo":{"@type":"ImageObject","inLanguage":"pt-BR","@id":"https:\/\/www.zapcontabil.com.br\/site\/#\/schema\/logo\/image\/","url":"https:\/\/www.zapcontabil.com.br\/site\/wp-content\/uploads\/2015\/11\/novo-logotipo.png","contentUrl":"https:\/\/www.zapcontabil.com.br\/site\/wp-content\/uploads\/2015\/11\/novo-logotipo.png","width":220,"height":145,"caption":"ZAP Cont\u00e1bil"},"image":{"@id":"https:\/\/www.zapcontabil.com.br\/site\/#\/schema\/logo\/image\/"}}]}},"_links":{"self":[{"href":"https:\/\/www.zapcontabil.com.br\/site\/wp-json\/wp\/v2\/pages\/8"}],"collection":[{"href":"https:\/\/www.zapcontabil.com.br\/site\/wp-json\/wp\/v2\/pages"}],"about":[{"href":"https:\/\/www.zapcontabil.com.br\/site\/wp-json\/wp\/v2\/types\/page"}],"author":[{"embeddable":true,"href":"https:\/\/www.zapcontabil.com.br\/site\/wp-json\/wp\/v2\/users\/1"}],"replies":[{"embeddable":true,"href":"https:\/\/www.zapcontabil.com.br\/site\/wp-json\/wp\/v2\/comments?post=8"}],"version-history":[{"count":13,"href":"https:\/\/www.zapcontabil.com.br\/site\/wp-json\/wp\/v2\/pages\/8\/revisions"}],"predecessor-version":[{"id":225,"href":"https:\/\/www.zapcontabil.com.br\/site\/wp-json\/wp\/v2\/pages\/8\/revisions\/225"}],"wp:attachment":[{"href":"https:\/\/www.zapcontabil.com.br\/site\/wp-json\/wp\/v2\/media?parent=8"}],"curies":[{"name":"wp","href":"https:\/\/api.w.org\/{rel}","templated":true}]}}